
False
Is 1248622 a prime number?
False
Is 96109309 a prime number?
False
Is 47102441 composite?
False
Is 26770537 composite?
False
Is 1908092869 composite?
True
Is 494912963 a composite number?
True
Is 285715877 a prime number?
True
Is 28707191 composite?
True
Is 2529133723 composite?
False
Is 70147333 a prime number?
True
Is 5642999 a composite number?
False
Is 36699977 a prime number?
False
Is 112139647 a composite number?
False
Is 234886331 a prime number?
False
Is 4727573 composite?
False
Is 3552233 composite?
False
Is 79967 prime?
True
Is 16162589 prime?
False
Is 691195 composite?
True
Is 10249643 composite?
False
Is 81744641 a composite number?
True
Is 14143249 a prime number?
True
Is 596419129 composite?
True
Is 1270531 a composite number?
False
Is 71325841 a prime number?
True
Is 8959235 prime?
False
Is 39590437 a composite number?
False
Is 2273399 a prime number?
True
Is 3172431 a prime number?
False
Is 37832891 a prime number?
True
Is 130713757 composite?
False
Is 679073 composite?
True
Is 18610717 prime?
True
Is 79689385 a composite number?
True
Is 29951137 composite?
True
Is 10165193 a prime number?
True
Is 1290719 composite?
False
Is 205514653 composite?
False
Is 98715919 a prime number?
True
Is 199175453 a composite number?
False
Is 35328001 a prime number?
False
Is 14317033 a composite number?
True
Is 2484817 composite?
True
Is 15187703 a prime number?
True
Is 8993209 a prime number?
False
Is 962998259 a composite number?
False
Is 52174429 a prime number?
True
Is 2226479 a composite number?
False
Is 79984097 a composite number?
False
Is 807230189 a composite number?
False
Is 1929679 a prime number?
False
Is 209750843 a composite number?
True
Is 8410601 a prime number?
False
Is 46573711 a prime number?
True
Is 857091 prime?
False
Is 26202817 composite?
False
Is 168757 a prime number?
False
Is 8429761 composite?
False
Is 835561 a prime number?
False
Is 723940067 a composite number?
True
Is 1417159 a prime number?
True
Is 1283701 composite?
False
Is 115341035 a prime number?
False
Is 5089343 composite?
True
Is 290534659 a prime number?
False
Is 24213513 composite?
True
Is 3715223 a composite number?
True
Is 1294549 a prime number?
False
Is 53690311 a composite number?
False
Is 24216251 a prime number?
False
Is 18277997 composite?
False
Is 6919109 a composite number?
False
Is 18599201 prime?
True
Is 250810831 a prime number?
True
Is 3873193 a composite number?
False
Is 65093659 a composite number?
True
Is 24042689 composite?
True
Is 22456831 prime?
True
Is 7552291 a composite number?
True
Is 3576763 composite?
True
Is 3004747 a prime number?
False
Is 10138553 composite?
True
Is 6012733 prime?
False
Is 111417 prime?
False
Is 84438521 a composite number?
False
Is 1682311 a prime number?
True
Is 228510679 a composite number?
True
Is 1012483942 a composite number?
True
Is 73571 a composite number?
False
Is 57707863 composite?
False
Is 6902101 a prime number?
True
Is 290039497 prime?
False
Is 1256935 a prime number?
False
Is 511183 a composite number?
True
Is 1003193 prime?
True
Is 1536251 a prime number?
True
Is 7043993 prime?
False
Is 8176019 a composite number?
False
Is 314180527 composite?
False
Is 68786457 a composite number?
True
Is 6867799 composite?
False
Is 34360401 a prime number?
False
Is 10642987 a prime number?
True
Is 24620657 a prime number?
True
Is 16481155 a composite number?
True
Is 2708941 prime?
True
Is 103578703 composite?
True
Is 8297171 prime?
True
Is 2784953 prime?
False
Is 7172393 a composite number?
True
Is 71978521 prime?
False
Is 1555523 a prime number?
True
Is 162977609 a prime number?
False
Is 14753789 prime?
True
Is 5453463 a composite number?
True
Is 534276173 a prime number?
False
Is 6852947 composite?
False
Is 1549921 a composite number?
False
Is 3060481 a prime number?
True
Is 19454729 composite?
True
Is 20210521 prime?
False
Is 34612321 prime?
True
Is 34777591 a prime number?
False
Is 4402687 prime?
False
Is 46076629 a prime number?
True
Is 38028491 prime?
True
Is 14971111 a prime number?
False
Is 7334763 prime?
False
Is 5566481 a composite number?
False
Is 5498707 prime?
True
Is 5785053 a prime number?
False
Is 11077879 a composite number?
False
Is 15770159 composite?
False
Is 7402097 composite?
False
Is 20418569 prime?
True
Is 212595059 a prime number?
True
Is 952394999 a composite number?
True
Is 17194039 a prime number?
True
Is 41313787 a composite number?
False
Is 384005 composite?
True
Is 707442139 prime?
True
Is 38211961 prime?
True
Is 15801371 a prime number?
True
Is 2620349 a prime number?
False
Is 31014829 a prime number?
True
Is 9464293 a prime number?
False
Is 14564039 prime?
False
Is 25893311 a composite number?
False
Is 3745331 a prime number?
True
Is 6873569 prime?
False
Is 46659497 prime?
False
Is 4427081 prime?
False
Is 25783411 a composite number?
False
Is 55353829 prime?
True
Is 12189329 a prime number?
False
Is 682622935 composite?
True
Is 635513 prime?
False
Is 145912885 prime?
False
Is 10834787 a prime number?
False
Is 34178087 a prime number?
False
Is 3719789 a composite number?
False
Is 433214 prime?
False
Is 36082961 a composite number?
True
Is 7378013 a composite number?
True
Is 26999111 a prime number?
False
Is 61050289 prime?
True
Is 41910943 prime?
True
Is 1807879 a prime number?
False
Is 141913027 composite?
True
Is 106319203 a composite number?
False
Is 85139 a prime number?
False
Is 52078469 a prime number?
True
Is 15624487 a composite number?
False
Is 1747019 a composite number?
True
Is 19113631 composite?
True
Is 176202443 composite?
True
Is 3327061 composite?
False
Is 148241 prime?
False
Is 876654257 a prime number?
True
Is 7958353 composite?
True
Is 5779 prime?
True
Is 73433509 a prime number?
True
Is 178483 prime?
False
Is 1989557 a prime number?
False
Is 52709113 composite?
False
Is 75516269 a composite number?
True
Is 1132583 a prime number?
True
Is 15536971 composite?
True
Is 541171 a prime number?
False
Is 235773253 composite?
True
Is 682861139 a prime number?
True
Is 384599515 prime?
False
Is 105551813 a prime number?
True
Is 102678977 prime?
True
Is 252251071 a prime number?
True
Is 1188479 a prime number?
False
Is 2689333 a composite number?
False
Is 8729051 a prime number?
True
Is 129790417 a composite number?
False
Is 40382857 composite?
False
Is 7774243 a prime number?
False
Is 486046529 prime?
False
Is 6362141 a composite number?
False
Is 50819609 a prime number?
True
Is 4751261 a prime number?
True
Is 306241879 a composite number?
False
Is 60298171 a composite number?
True
Is 115201 a composite number?
False
Is 112427 composite?
True
Is 8143177 prime?
False
Is 4106 a composite number?
True
Is 514199789 a composite number?
False
Is 244333 a composite number?
False
Is 62409901 a composite number?
False
Is 196442551 a composite number?
False
Is 124372141 a prime number?
False
Is 262632187 prime?
False
Is 52490903 prime?
True
Is 17009143 composite?
False
Is 124297 a prime number?
True
Is 6660833 a prime number?
False
Is 3515761 composite?
False
Is 688487 a composite number?
True
Is 2880407 composite?
False
Is 34421 composite?
False
Is 15381167 prime?
True
Is 19210847 prime?
False
Is 27396437 a composite number?
False
Is 8278247 a prime number?
True
Is 885331 composite?
False
Is 301871 composite?
True
Is 111541123 a prime number?
False
Is 224773 a composite number?
True
Is 54355013 a composite number?
False
Is 1544609 a prime number?
False
Is 10590109 prime?
True
Is 52887449 a prime number?
False
Is 33967789 prime?
False
Is 456142459 composite?
True
Is 269476609 a prime number?
True
Is 4175287 a composite number?
True
Is 1875677 a prime number?
True
Is 11308393 a prime number?
True
Is 106463073 composite?
True
Is 1105501 prime?
True
Is 463280419 composite?
True
Is 10574813 a prime number?
False
Is 27511721 prime?
True
Is 4761121 a prime number?
True
Is 952363 composite?
False
Is 468653 a prime number?
True
Is 15728837 composite?
False
Is 154479583 composite?
False
Is 454178143 composite?
True
Is 167157659 a composite number?
False
Is 12084781 a composite number?
True
Is 8916029 composite?
False
Is 130954697 prime?
False
Is 207613739 a prime number?
False
Is 1536011 composite?
False
Is 2166913 a prime number?
False
Is 11336021 composite?
False
Is 2697637